ve of -l**4/6 - 7*l**3/6 + 31*l**2/2 - 30*l. Let p(v) = 3*f(v) + 5*n(v). Calculate p(0).
13
Let g(q) = q**2 - q - 1. Let v(w) = -5*w**2 + 10. Let u(z) = z**2 - 1. Let d(f) = 10*u(f) + v(f). Let s(m) = d(m) - 4*g(m). What is s(-3)?
1
Let v(d) = 6*d**2 - 2. Suppose 13*a = 16*a - 60. Let f be a/30*1*(-1 + -2). Determine v(f).
22
Let m(w) = 28 - 7*w - 2*w**2 + 30 - 61. Let x(k) = 3*k**2 + 14*k + 7. Let t(i) = -5*m(i) - 3*x(i). Give t(6).
-12
Let f = 7 - 8. Let y(s) = 4*s**3 - s**2 - 2*s - 1. Determine y(f).
-4
Let j(v) = v**3 - 6*v**2 + 9*v - 13. Suppose -4*f = 16, -2*f - 8 = -r + 4. Determine j(r).
-9
Let f(q) = -11*q - 11. Let d be f(-1). Let t(c) = c + 6. Calculate t(d).
6
Let m(a) be the third derivative of a**7/2520 + a**6/144 + a**5/120 - a**4/4 - 3*a**2. Let q(y) be the second derivative of m(y). Determine q(-7).
15
Let t(x) = -x**2 + 5*x + 31. Let q be t(7). Suppose q*o = 13*o - 16. Let n(y) = y**2 + 4*y + 2. Give n(o).
2
Let v(k) be the second derivative of 1/20*k**5 + k**2 - 6 - 3*k + 0*k**4 + 1/6*k**3. Suppose 10 = 3*x + 4*d, -x + 2 + 1 = d. Determine v(x).
12
Let d(o) = o**3 + 7*o**2 - 12*o - 1. Let m be (1 - 2) + -6 - 64/64. What is d(m)?
31
Let n = -4 - 2. Let z(k) be the first derivative of k**3/3 + 3*k**2 + 2*k - 2370. What is z(n)?
2
Let d(g) = -g**3 + 5*g**2 - 3*g. Let i(w) be the third derivative of w**4/24 - 3*w**3/2 + 17*w**2. Let t be i(11). Calculate d(t).
6
Let w = 29 + -32. Let x be ((-2)/6)/(2/(-18)). Let r(j) = x + j + 2 - 4 - 5. What is r(w)?
-7
Let k(i) = i**2 - 58*i + 111. Let p be k(56). Let b(d) be the first derivative of 7*d**4/2 + 2*d**3/3 - d + 2. What is b(p)?
-13
Let v(t) = -t**2 + 4*t - 2. Let m = -973 - -976. Calculate v(m).
1
Let k be 3/(-9 + 6) + -2. Let x(j) = -j**2 - 3*j - 3. What is x(k)?
-3
Let v(u) = -360 - 4*u - u**3 + 16*u + 377 + 5*u**2. What is v(7)?
3
Let q(d) = -d**3 + 6*d**2 - 4*d + 6. Let a be (-24)/(-5)*(-35)/(-14). Suppose -18 = a*h - 15*h. What is q(h)?
-18
Suppose 0 = -8*s + 8 + 8. Let u be (0 + 2/s)/1. Let a(c) = -16*c + 3. Let v(t) = -31*t + 5. Let j(h) = -7*a(h) + 4*v(h). What is j(u)?
-13
Let d = -18 + 21. Suppose -8 = 2*m, 4*t - 2*m + 3*m = 24. Let w(q) = -6*q - q - 7 + t*q**2 + 5 - q**d. What is w(5)?
13
Let y(q) = -q**3 + 47*q - 21*q + 3 - 32*q + 2*q**3 + 5*q**2. Let i be (-4)/26 - 262/(-13). Let u be (-4)/(-6) - i/3. Determine y(u).
3
Let p(s) = 0*s + 4 + 1 + s - 3. Let o be p(0). Let g(m) = 6*m**o + 5*m + 3*m - 4*m + m**3. What is g(-5)?
5
Let y(r) be the first derivative of r**2/2 - 10*r - 97. Determine y(8).
-2
Let a(n) = n + 8. Suppose 1 = -2*k - 15. Let f = -2 - k. Suppose -3*z - f = 12. What is a(z)?
2
Let w(c) = -7*c**3 - 17*c**2 + 4*c + 19. Let p(t) = -6*t**3 - 15*t**2 + 4*t + 17. Let g(l) = 6*p(l) - 5*w(l). What is g(-6)?
19
Let b(h) be the first derivative of h**7/840 - h**6/72 - h**5/30 - h**4/4 - 4*h**3/3 - 7. Let m(i) be the third derivative of b(i). What is m(6)?
6
Let q be ((-8)/4 + 6)*(-50)/(-40). Let y(u) = -4*u + 15. What is y(q)?
-5
Let k = -97 - -93. Let u(i) = 5*i + 10. Calculate u(k).
-10
Suppose -33*s = -12*s - 63. Let o(q) be the first derivative of -4 + 1/3*q**s - 1/2*q**2 + 1/4*q**4 + 3*q. Calculate o(0).
3
Let m(l) = -3*l + 36. Let o be m(-13). Let r = 76 - o. Let k(n) = 9*n**3 + n**2. What is k(r)?
10
Let v(b) = -b**2 - b + 2*b - 14 + 0*b**2 + 39 + 2. Give v(0).
27
Let y(x) be the third derivative of 1/12*x**4 + 6*x**2 + 0 - 4/3*x**3 + 0*x. Determine y(6).
4
Let s(l) = 1 - l**2 - 2*l**2 + 2*l**3 - 144*l + 148*l - 2*l**2 - 4. What is s(3)?
18
Let g(h) = 7*h + 7. Let j(n) = 22*n + 20. Let r(w) = 7*g(w) - 2*j(w). Calculate r(-4).
-11
Let y(j) = j**2 + j - 2. Let f(o) = o**3 - 2*o**2 - 6*o + 8. Let c be f(4). Suppose -6*v + 10*v + c = 0. Calculate y(v).
10
Let l(g) = g - 3. Let k = 42 - 38. Let p(w) = 0*w - k*w + 7 + 2. Let j be p(3). Determine l(j).
-6
Suppose 0 = 11*l - l + 70. Let h(n) be the second derivative of 7/2*n**2 - 7/6*n**3 - 1/12*n**4 - 2*n + 0. Give h(l).
7
Let k = -33 + 33. Let n(g) = 16*g + 1 + k + 13*g**2 - 3 + g. Let y(a) = 7*a**2 + 9*a - 1. Let d(q) = -6*n(q) + 11*y(q). Give d(-2).
3
Let v(u) = -u + 4. Let q be v(3). Let a(t) be the third derivative of 0*t**3 + 17*t**2 + 0 + 0*t - 1/24*t**4. Give a(q).
-1
Let u be (36/60)/(-2*2/(-620)). Suppose -7*x = 58 - u. Let j(c) = c**2 - 6*c + 1. Give j(x).
-4
Let m be ((-22)/(-4))/(3/6). Suppose -m*q + 10*q = -5. Suppose -27 = b - 0*b + 5*n, -n = -5*b - q. Let w(z) = -z**2 - 2*z + 1. Calculate w(b).
1
Let s = -12 - -12. Let y be 2 + s*(-4)/16. Let u(w) = y + 4 - 3 + w. What is u(-3)?
0
Let y(c) = 2*c**2 + 47*c - 20. Let n = -1360 - -1336. Give y(n).
4
Let j = 8 - 5. Suppose j = 4*z - n - 1, 4*z - 5*n = -12. Let a(h) be the first derivative of -h**3/3 + 21. What is a(z)?
-4
Let w = 294 - 298. Let c(m) = -m - 4. What is c(w)?
0
Let a(u) = -u**2 + 3*u - 4. Let y = 268 + -264. Calculate a(y).
-8
Let c(a) = -9*a + 274*a**2 - 15 - 275*a**2 + 3. What is c(-8)?
-4
Let k(b) = 4*b + 9. Let c(m) = -4*m + 72. Let t be c(19). Give k(t).
-7
Let l be ((-36)/60)/(1/(-5)). Suppose 4 - 7 = -l*r. Let q(c) = 5*c**3 + c**2 - 1. Determine q(r).
5
Let u(n) be the first derivative of n**2 + n - 14*n + 5*n + 5*n - 10. Give u(6).
9
Let s be -6*4/(-20)*5. Let k be s/(-8)*-4 - 2. Let j be (2 - 5) + k + -4. Let a(n) = 2*n + 2. What is a(j)?
-10
Let l(u) = 10*u - 1. Let a(n) = 20*n - 3. Let m(t) = 2*a(t) - 5*l(t). Let f(z) = -130*z + 909. Let r be f(7). What is m(r)?
9
Let r(h) = -h**3 + 2*h**2 + 7. Let m be r(0). Let f(y) be the second derivative of y**5/20 - 7*y**4/12 + y**3/6 - 2*y**2 + 6*y. Calculate f(m).
3
Let l(m) = m**2 - 27*m + 161. Let g be l(7). Let z(o) = o**3 - 22*o**2 + 22*o - 29. Calculate z(g).
-8
Let v = 73 - 73. Suppose v*k + 4*w - 5 = -3*k, 20 = -3*k + w. Let x(m) = -2*m - 1. Give x(k).
9
Let w(u) = -u**3 + 6*u**2 - 3*u - 1. Let i = 1 + 4. Suppose 3*c - i*c = -12. Determine w(c).
-19
Let d(k) = 13*k + 301. Let l be d(-24). Let m(w) = w**3 + 11*w**2 - 3. What is m(l)?
-3
Let o(w) be the second derivative of 0*w**2 - 5/6*w**3 + 0 + 1/6*w**4 + 9*w. What is o(4)?
12
Let m(q) = 8*q**3 - q**2 - 5*q + 9. Let w(c) = 3*c**3 - 2*c + 4. Let t(d) = -2*m(d) + 5*w(d). Determine t(3).
-7
Let o be 2/3 - ((-1579)/3 - 3). Let f(q) = 0*q + q + 528 - o. Calculate f(-3).
-5
Let i(m) be the second derivative of m**3/6 + 3*m**2/2 + 44*m - 7. Give i(-14).
-11
Let m(q) = -q. Let l(b) = 9*b + 1. Let v(y) = -l(y) - 4*m(y). Give v(-2).
9
Let i(p) = p**2 + 4*p - 28. Let a(m) = -m**2 + 2*m + 160. Let s be a(14). Calculate i(s).
4
Let r(i) = -35*i**2 + 11*i. Let v(l) = -23*l**2 + 8*l. Let s(p) = -5*r(p) + 7*v(p). Give s(1).
15
Let s(t) = -t**2. Suppose 10 = -2*p, -x + 129 = -5*x - 5*p. Let j = x - -28. Let u be -6 + j + 1 - 0. Calculate s(u).
-9
Let j(q) = q**2 - 2. Let z be 72 - ((-4 - 1) + 1). Let w = -79 + z. Give j(w).
7
Let r = 676 - 676. Let k(n) = -n**3 - 2*n**2 - 2*n + 5. Determine k(r).
5
Suppose 5*c + 5*s = -2 + 7, 0 = 5*c + 3*s + 1. Let b(w) = 2*w**2 - 2*w - 9. What is b(c)?
3
Let s be 57/38*(-2 + 0). Let h(n) = -3*n**2 + n + 9. Let k(u) = -u**2 + u + 4. Let m(l) = -2*h(l) + 5*k(l). What is m(s)?
2
Suppose 44*i - 162 = 17*i. Let v(k) = -3*k**3 + 7*k**2 - k + 2*k**3 - k**2. What is v(i)?
-6
Let b(s) = 6*s + 46. Let d(q) = 2*q + 15. Let u(g) = -5*b(g) + 14*d(g). Determine u(-11).
2
Let z(c) = c**2 + 4*c + 2. Let d(s) = s - 4. Let o be d(-7). Let g be 2/o + 395/55. Suppose -g = i - 4. Calculate z(i).
-1
Suppose 847*h - 835*h = 72. Let i(v) = -v**3 + 8*v**2 - 13*v + 5. Determine i(h).
-1
Let h(v) = -v + 530 - 2*v - 527 - 7*v. Give h(-2).
23
Let g be (2 + 1)*(-2 + (-10)/6). Let w(d) = d**3 + 12*d**2 + 12*d - 8. Determine w(g).
-19
Let c(r) = -r**3 - 3*r**2 - 3*r - 1. Suppose 4*v = -0*v - 36. Let x be (4/16 - -2)/((-3)/(-16)). Let o be (5 + -1)*v/x. Determine c(o).
8
Let y(s) = -2*s - 6. Suppose 0*o + 2*k = 2*o, 4*k + 4 = 2*o. Give y(o).
-2
Let n(p) be the third derivative of -p**7/2520 - p**6/72 + p**5/24 - 29*p**4/24 + 30*p**2. Let m(a) be the second derivative of n(a). Determine m(-10).
5
Let m be (1/(-2))/(1/(-10)). Suppose 39 - 3 = 3*i. Let s(f) = 0*f - i - f + 15. Determine s(m).
-2
Let s(j) = 1 + j - 1 + 13*j**2. Suppose 2*m + 13*o - 3 = 12*o, -2*m - 27 = -5*o. Calculate s(m).
12
Let v(s) be the first derivative of -s**3/3 +